9
What is (-30 - -9) + (2 - -7)?
-12
Calculate 17 + -5 + 15 + -23.
4
What is (-7 - (2 - (-8 - -32))) + -7?
8
What is (1 + 16 - 25) + 1?
-7
-5 + 7 + (2 - 4) - -8 - -6
14
What is the value of -13 - (-7 + 3 - -8)?
-17
What is the value of -48 + (7 - 8) + 36?
-13
What is the value of (57 - 44) + -39 + 40?
14
Calculate 7 - (0 - (-3 + 6) - (-7 - -1)).
4
What is the value of -33 - (-14 + 9 - 17)?
-11
What is -7 + (-8 - 0) + (3 - (1 - 5))?
-8
What is 1 + (7 - (8 - 5)) + (3 - 17)?
-9
Evaluate (22 - (0 - -10)) + (1 - 19).
-6
9 - ((-6 - (0 + -9)) + -14)
20
Calculate -7 - (97 + -100 - (0 + (4 - 2))).
-2
Evaluate -2 - -4 - (7 + 12 + -3).
-14
Evaluate (-14 - -8) + -16 - (-3 + -5).
-14
What is the value of (-8 - -1) + (-8 - -8)?
-7
Calculate 10 + (-3 - -8) + -64 + 65.
16
Calculate -4 + -18 - (-137 + 95).
20
32 + -41 + 31 + -60
-38
Calculate -21 + 1 + 24 + 3 + 1 + 17.
25
What is 9 + 1 - 11 - 8?
-9
Evaluate 6 - ((25 - 19) + -2 + 0 + 14).
-12
-1 - (2 + -5) - (1 + 7 + -10)
4
What is (2 - (8 + 4 + -15)) + -4 + -2?
-1
-2 - 4 - (-13 + 9 + -10)
8
What is the value of -3 + 11 + 7 + -12 + 17?
20
39 + -31 + 0 + -5
3
What is (16 - 21) + (5 - 2 - -1) - 6?
-7
What is (-1 - 1) + (-22 - (26 + -40))?
-10
-2 + (0 - 15) + 0 + 4
-13
Evaluate (-15 - -12) + 9 + 0 - (-15 + 2).
19
What is -7 - (12 + -9 + -6 + 4) - -6?
-2
-19 - (9 - -3 - 20)
-11
What is -102 - (-2 + -91) - (-8 - (-4 - -2))?
-3
Evaluate (15 + -18 - -9 - -11) + -42.
-25
What is the value of 557 + -537 + 0 + -22?
-2
What is (-12 - (9 + (-19 - -10))) + 6 + -6?
-12
Calculate 16 + -18 + -14 + 16.
0
What is -31 + 0 + (19 - 8)?
-20
(32 - 30) + 4 + 1 + -1
6
What is 10 + 13 - 34 - 23?
-34
Calculate (17 - (8 - 0)) + -22 + 34.
21
Evaluate -4 - (3 - (-2 + (2 - -6))) - -10.
9
What is -10 + (4 - (18 - 2) - (0 - 16))?
-6
Calculate (23 + 1 - (-17 - -22)) + -7.
12
306 - 308 - (-1 + -2 + -15)
16
What is 37 + -72 + 33 + -32?
-34
Evaluate -2 + (-8 + 16 - (1 - (-4 - 1))).
0
Calculate 5 - (-6 - -13) - 0.
-2
8 + -11 - (7 + -13) - -1 - 11
-7
Calculate 4 + -4 + 0 + -6 - (24 - 29).
-1
What is the value of (10 - 8 - 17) + (0 - -1 - -3)?
-11
What is (1 - -6) + -102 + 102?
7
What is the value of 7 + (77 - 39 - 42)?
3
Calculate 8 - (4 + 11 + -26 - -9).
10
Calculate -6 - -14 - ((0 - 1) + (7 - 0)).
2
(-4 - (-3 - -1)) + (-55 - -69)
12
Calculate -6 + (-11 + 25 - 14).
-6
What is (0 - (-2 + -3 + 7 + -2)) + 4?
4
(-2 - -11) + -1 + 113 + -122
-1
86 + -76 + 20 + -3
27
What is -26 - -23 - (10 - 3)?
-10
-12 + (17 - -3) - 19
-11
4 - (14 + -23 + 12)
1
What is 19 + 9 + (-17 - (2 + -8))?
17
Calculate 8 - (17 - 10 - (-4 - -3)).
0
What is -10 + (1 - 4) + 7 - 8?
-14
Evaluate -7 - (-8 + (16 - 0)) - (8 + -9).
-14
Evaluate -1 - -16 - ((-14 - 8 - -18) + -3).
22
What is -9 + (1 - -16 - (3 + -4))?
9
What is the value of 6 + 12 - (17 - 9)?
10
Calculate 1 + (4 - (3 - -2)) + (0 - 16).
-16
Calculate 2 + -43 - (-12 - (18 + -28 + 9)).
-30
Calculate 12 + (9 + -21 - 3).
-3
-16 - -17 - (1 + -13)
13
What is the value of (-1 - 4) + (-6 - (-21 - -18))?
-8
(40 + -45 - -10) + -30
-25
Calculate 13 + (6 - (4 + 26)) + 35.
24
Evaluate 0 + 3 + (9 - (0 - (2 + -11))).
3
Evaluate (8 - 6) + (7 - (4 - (-8 + 2))).
-1
What is 5 + (1 - -3) + 3 + 6 + 8?
26
Calculate -9 - (19 + -6 + -1 + -9).
-12
Evaluate 16 + -11 + (-73 - -85) + -6 + 0.
11
-481 + 496 - (1 - 1 - (2 - 4))
13
What is the value of -10 + -16 + 15 - -3?
-8
What is the value of -7 + 37 - (145 - 127)?
12
Evaluate 18 + (2 + 4 - 3).
21
Evaluate 15 - (26 - (6 - -17)).
12
Evaluate 14 - (-14 - (3 - 28)).
3
(-19 + 3 - -9 - -3) + 21
17
(12 - (-42 + 24)) + -61
-31
What is the value of 32 - (14 + (22 - 22))?
18
12 - ((1 - -5 - 0) + 749 + -756)
13
What is 13 - (2 + 16 + -9) - -2?
6
-6 - (2 + -18 - 13 - -6)
17
What is 43 - (0 + -2 + -2 + 17)?
30
-3 + -1 - (-25 + 5 + 27)
-11
What is the value of 1 + (4 + -9 + 14 - (0 - -2))?
8
Calculate (-31 - -13) + 17 + -7 - 7.
-15
What is 0 + -6 + 1 - (-9 + (5 - -1))?
-2
2 + -17 + -35 + (-26 - -69)
-7
What is the value of 5 + 1 + (83 - 94) - 2?
-7
What is the value of (9 + 1 + 0 + -10 - -5) + -11?
-6
What is -7 + 9 + -2 + (-28 - -4 - -8)?
-16
What is the value of 20 + 6 - (69 + -53)?
10
Calculate 1 + (23 - 7 - 26).
-9
Calculate -9 + 2 + 189 + -192.
-10
What is the value of -5 - 22 - -19 - (-3 - 2)?
-3
What is 32 + (11 + -12 - 16)?
15
Calculate 16 + 0 + 1 - (-48 + 61 + -7).
11
4 + -12 + 0 - -7 - (-15 + 4)
10
0 + 16 - (19 - (-10 + -2 + 26))
11
What is the value of (-68 - -69) + (0 - 0) - 11?
-10
Calculate 23 + 19 + -21 - 30.
-9
What is the value of 2 + (25 - (33 - 5))?
-1
What is the value of (-11 + -18 - -19) + -3?
-13
What is the value of (3 - -3) + 2 - ((-31 - -29) + 28)?
-18
6 - (71 + -70 + 35)
-30
Evaluate 5 + -12 - (-42 - -29).
6
What is 3 + -13 - (6 + (-6 - (-6 + 6)))?
-10
-1 - (10 + -6 + (-2 + 0 - -1))
-4
-5 + -13 + -5 + 20 - -8
5
Evaluate 0 - (-5 - -3) - (-143 - -140).
5
Calculate 0 + -19 - (-93 - -85).
-11
Calculate -24 - (-32 - (-22 - -9)).
-5
9 - (-12 + -4) - 4
21
What is the value of -59 + 54 - (-2 + (3 - -3) - 12)?
3
Calculate -108 + 112 - (0 + -6).
10
What is the value of -2 + -5 - (1 - (10 + -6 + 2))?
-2
Calculate 15 - 0 - (-219 - -230) - 8.
-4
What is the value of (341 - 320 - (0 - -13)) + -25?
-17
What is (1 + -8 - -2) + -6?
-11
1 + 7 + (-3 - -11) + 0
16
What is the value of (14 - 5) + (-3 - -4)?
10
Evaluate 8 + (-8 + -2 - (12 + -2)).
-12
Evaluate (15 - (14 - 0)) + 10.
11
Calculate 6 + -2 + (-10 + -1 - -21).
14
-340 - -358 - (-9 - 3)
30
What is the value of 19 + -91 + 57 + (2 - 7)?
-20
What is 9 + -12 + -17 - -13?
-7
Calculate 8 + -1 + -4 - (-2 - -3) - -7.
9
-8 - (3 - 3) - (-159 + 158)
-7
Evaluate (59 + -48 - (17 + 2)) + (-1 - -10).
1
What is 26 - (9 - -12) - 17?
-12
What is (-4 - 1) + 10 + -10?
-5
-1415 + 1421 - (1 + 1 - (2 + -7))
-1
What is (-3 - -12) + (-3 + 14 - 18)?
2
What is 0 - -23 - (-329 - -340)?
12
What is -11 - ((5 - (-5 - -11)) + -5 - -2)?
-7
-3 + -8 + 14 + -8
-5
Calculate -15 + (55 - (-14 + 20 + 9)).
25
Calculate ((-12 - -14) + -13 - -23) + -13.
-1
1 + -2 + 8 - -1
8
What is the value of 13 + (11 - 6) + -5 + -6 - -2?
9
Evaluate 5 + -3 - (16 + -6).
-8
-2 + (6 - 10) + (-24 - -15)
-15
68 + -75 - (-2 - 37)
32
2 - ((6 - 5) + -7)
8
What is 0 - (-4 - (2 - 9 - -15))?
12
What is (-1 - -32) + -24 + -10?
-3
Calculate 2 + 9 + 239 + -237.
13
Evaluate -12 + -2 - (-21 + 2).
5
What is the value of 17 + -21 + 42 + -6?
32
Calculate -12 - (5 - 14) - -7.
4
Calculate 15 - (-1 + 10 + 13).
-7
What is (-8 - (-14 - -7 - -1 - -6)) + -1?
-9
7 - (-28 - ((-3 - 5) + 0) - 5)
32
What is the value of (-1 + 2 - 2) + (17 - 14) + 23?
25
Evaluate (-3 - 6) + (-9 - (-3 + -2)).
-13
Evaluate (-8 + 2 - (14 - 6)) + 5.
-9
Evaluate 17 + (-7 - 4) - (25 - (-1 + 3)).
-17
Evaluate 0 - (-9 + -39 + 30).
18
Calculate (-3 - (8 - 9)) + -3 + 22 + -7.
10
What is (15 - 9 - (6 - (8 - -4))) + 1?
13
Evaluate (2 - 0) + -11 + -2 + 1 + 6.
-4
Calculate 17 - 20 - 0 - -10.
7
What is -25 + -1 - (20 + 3 + 2 - 19)?
-32
Calculate -1 + -11 + 10 + (-5 + 5 - 3).
-5
(-1 - (0 - -2)) + (-69 - -55)
-17
What is 3 + ((7 - -7) + -2 - 7)?
8
222 + -214 + -1 + -16
-9
Calculate -2 + -5 - (21 - 15).
-13
22 + 1 - (241 - 236)
18
What is the value of 26 + -15 + -17 - -16?
10
What is the value of -41 - -7 - (0 + -10 + 1)?
-25
8 + (5 - -2) + -14 + 3 + -23
-19
-1 + -3 + (3 + -5 - -21)
15
Calculate -1 + (-5 - -1) + -44 + (27 - -38).
16
What is the value of (11 - 43 - -43) + (-1 - -2 - 16)?
-4
Calculate -2 - (-5 - -4) - (-26 + 26) - 12.
-13
Evaluate 17 + 26 + -41 - 9.
-7
What is (3 + -1 + -2 - (1 + -9)) + -2?
6
Calculate 0 + (1 - -1) + (87 - 89) - 10.
-10
What is -27 - -7 - -15 - -12?
7
-3 - (2 + 20) - (-22 + 13)
-16
What is 0 + (-3 - (12 + -2))?
-13
553 + -547 - (-3 + -5)
14
Evaluate -14 + (-10 + 26 - -5).
7
What is the value of (117 - 71) + -34 + (-2 - -1 - -3)?
14
What is -17 + -14 + 72 + -49?
-8
Evaluate -11 + (-2 + 0 - (-72 + 42)).
17
-2 + (-6 - 2 - (-5 - 0))
-5
What is the value of 17 + -1 + -4 - 20 - (5 + 2)?
-15
Calculate -6 - (13 - 4) - (16 + -11).
-20
What is the value of 139 + -135 - ((5 - 2) + -4 + 0)?
5
What is 11 + -9 + -30 + 32?
4
What is (-15 - (-22 - -2)) + 0 + -3 + -14?
-12
What is the value of (24 - 21) + -7 + 3 + 13?
12
Calculate -9 + 37 + -34 + -1.
-7
Evaluate 0 + 6 + (13 - (-3 - -7) - 9).
6
Evaluate 469 + -492 + (43 - 1).
19
Calculate 11 - -5 - 54 - -2